eds digit of a(b)?
1
Let f be 2/(-6) - (58464/54)/(-29). Suppose 4*b - 2 = 6. Suppose -f - 5 = -2*y - 4*u, -b*y + 44 = 5*u. What is the tens digit of y?
1
Suppose -h + 25*s - 29*s + 53313 = 0, h + 3*s - 53318 = 0. What is the units digit of h?
3
Let s = -382 - 538. Let n = s + 1643. What is the units digit of n?
3
Let d(g) = -64*g - 1. Let t be d(-1). Let l = t + -49. Let n(s) = s**2 - 12*s + 33. What is the units digit of n(l)?
1
Suppose 0 = -17*j + 7 + 27. Suppose 3*b + 3*f = 561, j*b - 3*b + 2*f + 202 = 0. What is the units digit of b?
2
Suppose 0 = 4*m + 91 + 45. Let v = m - -57. Let n = 84 - v. What is the units digit of n?
1
Let v = -941 + 1425. Suppose 0 = 2*k - 6*k + v. Let n = -42 + k. What is the tens digit of n?
7
Let y(l) = l**3 + 5*l**2 - 3*l + 2. Let v be y(-5). Let k(z) = 4*z - 2. Let b(j) = -13*j + 8. Let q(m) = 4*b(m) + 14*k(m). What is the tens digit of q(v)?
7
Suppose 17541 = 1463*r - 1462*r + 6045. What is the tens digit of r?
9
What is the tens digit of ((-1752)/1314)/((-1)/7899*1)?
3
Let q be 68/(-119) - 18/(-7). Suppose -q*g + 1252 = 2*w, -1252 = -2*w + 10*g - 5*g. What is the tens digit of w?
2
Let v = 34 + -44. Let w be (-465)/(-6)*(-12)/v. Let m = w - 66. What is the tens digit of m?
2
What is the hundreds digit of (-11265)/(-4) - ((-1320)/96 - -14)?
8
Suppose 0 = 5*w + 5*l - 1430, 0*w - l = -5*w + 1400. Let j(f) = 6*f + 1. Let k be j(3). Suppose -2*v + w = k. What is the units digit of v?
1
Let r = -54 + 42. Let u = r - -15. Suppose -7*d = -u*d - 40. What is the units digit of d?
0
Suppose -5*h + 10 = 0, -73*z + 78*z + 2*h - 394559 = 0. What is the hundreds digit of z?
9
Let a = -71 + 121. Suppose a*c + 11036 - 56886 = 0. What is the tens digit of c?
1
Suppose -2*p - 8266 = -4*p - 4*i, 4*i = 3*p - 12349. What is the tens digit of p?
2
Suppose 75 = 10*n + 15*n. Suppose -10 = -2*t, n*y - t = -0*t + 160. What is the units digit of y?
5
Suppose 8 = -13*v + 17*v. Let i(z) = 76*z**2 + 3*z - 6. What is the hundreds digit of i(v)?
3
Suppose 4*q + 9*q = -273. What is the hundreds digit of 12610/70 + 3/q?
1
Let i(z) = z**3 - 7*z**2 - 8*z. Suppose -v - 2 = -10. Let g be i(v). Let s(n) = -2*n + 76. What is the units digit of s(g)?
6
Let m(n) = -n**3 + 15*n**2 + 12*n + 1. Let l be m(13). What is the hundreds digit of 6/(((-6)/l)/(-1))?
4
Suppose -a - 26 = 2*r, a - 19*r = -20*r - 28. Let x be 3*4/(-6)*-2. What is the tens digit of -3*x/a - (-1932)/20?
9
Let t be (14 + -12)/(3/201). Let v = 226 + t. What is the units digit of v?
0
Let g be 1/6 - (-1945)/120*4. Suppose f - 3*c - g = 49, -2*c = 3*f - 386. What is the tens digit of f?
2
Let x(b) = 187*b - 802. What is the hundreds digit of x(6)?
3
Let z(j) = j**3 - 223*j + 49. What is the hundreds digit of z(-13)?
7
Let i(f) = 1531*f + 896. What is the hundreds digit of i(11)?
7
Suppose 5*r - 20407 = -p + 4254, r = -p + 4929. What is the hundreds digit of r?
9
Suppose -104596 = 47*k - 443701. What is the tens digit of k?
1
Suppose 13 = -j + 3*u, 46 = -5*j + u + 9. Let c(t) = -3*t**3 - 12*t**2 + 10*t + 6. What is the tens digit of c(j)?
7
Let f(c) = -14*c**3 - 11*c - 11. What is the tens digit of f(-5)?
9
Let k(o) = -12*o - 2*o + 339*o**2 + o + 1 - 2*o + 23. What is the tens digit of k(2)?
5
Let m = 23277 + -16278. What is the tens digit of m?
9
Let o(q) = 46*q**2 - 13. Let i = 287 - 290. What is the units digit of o(i)?
1
Suppose -4*u = 3*l - 60151, -3*l + 16242 = -5*u + 91451. What is the ten thousands digit of u?
1
Let l(k) = -k + 25. Let h be l(20). Suppose -3*b + 28 + 425 = -3*i, -h*b = 2*i - 762. What is the hundreds digit of b?
1
What is the units digit of (8075/13 - 1) + ((-3140)/130 - -24)?
0
Let b be 20794/(-18) - 28/(-126). What is the hundreds digit of 7/1 - b/11?
1
Let b be (36/8 + 0)*4/6. Suppose 0 = 3*x - 3*t - 468, -5*x - 8*t + b*t = -780. Let j = -61 + x. What is the units digit of j?
5
Let a(g) = -798*g + 699. What is the units digit of a(-60)?
9
Suppose -69*v = 92491 - 488906 - 2324393. What is the units digit of v?
2
Suppose 214655 + 283685 = 16*b + 93668. What is the thousands digit of b?
5
Suppose -237471 = -23*i + 298590. What is the hundreds digit of i?
3
Suppose 5*c - 4*q = -179, 5*q - q + 55 = -c. Let r = c - 127. Let g = r - -244. What is the units digit of g?
8
Suppose 115 = 5*h + 5*a, -6*h + 5*a + 119 = -2*h. Suppose 4*r - 7 = 2*k + k, -5*k - 55 = 2*r. Let x = h - k. What is the units digit of x?
5
Let o = 14162 + -4108. What is the hundreds digit of o?
0
What is the hundreds digit of (145 - 146) + (-12804)/(-1)?
8
What is the thousands digit of 8/14 - (-413818)/14*1?
9
Suppose 21*f = 29*f. Suppose 3*n - 1065 + 165 = f. What is the units digit of n?
0
Let x(k) = 4446*k + 7171. What is the units digit of x(9)?
5
Let i(a) = -a - 1. Let l(z) = -3*z - 17. Let v(d) = i(d) + l(d). Let s be 2 - 154/(6 - -8). What is the tens digit of v(s)?
1
Let k = 58882 + -33750. What is the ten thousands digit of k?
2
Let n(y) = -11*y**3 + 7*y**2 - 5*y + 4. Let v be n(3). Let s = -18 - v. What is the hundreds digit of s?
2
Let y be 2/3 + (-1856)/(-24). Let x = y - 72. Suppose 3*u - 1197 = -x*u. What is the units digit of u?
3
What is the ten thousands digit of ((18591*-40)/8)/(-6 + 3)?
3
Suppose -19*w + 1334 + 4651 = 0. Suppose 321*c - w*c - 6006 = 0. What is the tens digit of c?
0
Let i(j) = j**3 - 16*j**2 + 18*j - 11. Suppose 4*v - 56 = -3*n, n - 3 = 4*v + 5. What is the tens digit of i(n)?
7
Let z(c) = c**3 - 10*c**2 - c + 10. Let t be z(10). Let o be -2 + (t - (1 + -31)). Suppose 0 = o*v - 33*v + 485. What is the tens digit of v?
9
Let z be (0 + -1)/((-599)/60 - -10). What is the hundreds digit of (-10760)/(-18) + z/(-270)?
5
Let p be ((-810)/(-8) - 1)*4. Let h(u) = 35*u - 141. Let r be h(21). Let d = r - p. What is the hundreds digit of d?
1
Let b(j) = 3*j - 1. Let g(l) = -12*l + 3. Let r(w) = -6*b(w) + 3*g(w). What is the hundreds digit of r(-17)?
9
Let f(n) = n**3 + 17*n**2 + 4*n - 42. Let i = 262 - 277. What is the tens digit of f(i)?
4
Suppose -r = -6*r. Suppose -3*o + 412 + 82 = 4*h, r = 3*o + 3*h - 498. What is the tens digit of o?
7
Suppose 5*r - 309636 = -31*r. What is the hundreds digit of r?
6
What is the thousands digit of (-157515)/(-6) + (-180)/(-120)?
6
Let r(y) = -80*y**2 - 2*y + 1. Let k be r(1). Let z be ((-192)/(-63) - 3)*3 + 35644/196. Let s = z + k. What is the units digit of s?
1
Let x(w) = -351*w - 303*w - 308*w. What is the hundreds digit of x(-1)?
9
Let i be (-3 - (-3 + 2))*25*-7. Let d = i - 153. What is the hundreds digit of d?
1
Suppose 27*c - 1360 = 22*c. Let x = c - -139. Suppose 7*w = 135 + x. What is the tens digit of w?
7
Suppose -35 = -5*b - 3*s, 4*b + 18*s = 20*s + 6. Suppose -7*h + 10*h = -b*n + 2471, 0 = -4*h - 12. What is the units digit of n?
0
Let t(x) = -4746*x**3 + x**2 + 10*x + 7. What is the thousands digit of t(-1)?
4
Let f(n) = n**3 + 27*n**2 - 97*n - 77. What is the tens digit of f(-21)?
0
Let k(b) be the first derivative of 1/2*b**2 + 16*b - 2. What is the tens digit of k(-5)?
1
Let r(p) = -p**2 - 4*p + 75. Let q be r(-10). Let g be 1/(-2) + 262/4. Let k = q + g. What is the units digit of k?
0
Let q(x) = 88*x**3 - 26*x**2 + 29*x - 12. What is the units digit of q(5)?
3
Suppose -59*i + 64*i = 8670. Suppose -3*z = -4*n - 6*z + 1396, 0 = -5*n - z + i. What is the units digit of n?
6
What is the hundreds digit of 1/2*((-13)/78 + (-121333)/(-6))?
1
Let d = -144 + 144. Suppose d = -0*j - j - 4*x + 466, -2*x + 462 = j. What is the units digit of j?
8
Let s be (-203)/(-49) - 1/7. Suppose 5*l - s*v = 119, -47 = -2*l + v - 0*v. Suppose -6*p + 73 = -l. What is the tens digit of p?
1
Let z be (41/82)/(2/12). Suppose z*k = -4*j + k + 88, -110 = -5*j + 5*k. What is the units digit of j?
2
Let u be (-1)/(-6 - -5) + -330. Let l = 701 - u. What is the tens digit of l?
3
Suppose j = -3*v + 5, -10 = -2*j + 2*v - 3*v. Suppose -j*r - 42 = -3*i, r = -5*i - 4*r + 70. Let m = i - -18. What is the units digit of m?
2
Suppose 2*f - 18 = 2*r, 0 = -4*r + f + 4*f - 39. Let o(w) = -21*w + 8. Let n be o(r). Let z = -65 + n. What is the tens digit of z?
6
Suppose g + 4 = 3*g. Let c be -3 + g + 224/8. Suppose c = -r + 2*r. What is the units digit of r?
7
Suppose 15*i = 12*i - 9. Let b be 11 + (-1)/i + (-4)/12. Suppose -7*x = -b*x + 292. What is the tens